10111011101
In base 3, what is 11 + 10110?
10121
In base 12, what is 391 - 5?
388
In base 14, what is 10 - 9?
5
In base 4, what is 0 + -203301?
-203301
In base 13, what is -684 - -11?
-673
In base 5, what is -3 + -4300?
-4303
In base 7, what is -4 + 540?
533
In base 12, what is -5 - -77?
72
In base 8, what is 13376 - -2?
13400
In base 13, what is b7 - 3?
b4
In base 12, what is 1 - -64?
65
In base 4, what is -3 - 33?
-102
In base 12, what is -3 - -4?
1
In base 9, what is -4 - 21?
-25
In base 4, what is -220 + 2?
-212
In base 14, what is d56 - -1?
d57
In base 8, what is -11 - 10?
-21
In base 4, what is 11 - -22321?
22332
In base 9, what is -373 + -1?
-374
In base 9, what is 33 + 61?
104
In base 3, what is -12 - -1022022?
1022010
In base 12, what is -173 - 30?
-1a3
In base 9, what is -1 - -50?
48
In base 9, what is 4 - 366?
-362
In base 5, what is -3 - 100?
-103
In base 7, what is -32 - 65?
-130
In base 12, what is 1044 + -1?
1043
In base 4, what is -1123 + 31?
-1032
In base 5, what is 103 - -312?
420
In base 4, what is 2131 + 1003?
3200
In base 14, what is 4 + -234?
-230
In base 14, what is -4 - 133?
-137
In base 12, what is 16 + b1?
107
In base 14, what is 15 + -da?
-c5
In base 16, what is -29 + 1?
-28
In base 12, what is 217 + 4?
21b
In base 8, what is -57 + -4?
-63
In base 8, what is 6 - -16?
24
In base 16, what is 0 - 75?
-75
In base 15, what is -4 + 15c?
158
In base 15, what is -c + 14?
7
In base 6, what is 32 + -101?
-25
In base 3, what is 1020200 + -102?
1020021
In base 16, what is 1 + 17?
18
In base 9, what is -3 + 274?
271
In base 10, what is -3 + 15?
12
In base 5, what is 34300 + -1?
34244
In base 5, what is -102 + 2?
-100
In base 13, what is -3 + 872?
86c
In base 11, what is 61 - 53?
9
In base 14, what is 4 + 4?
8
In base 4, what is 12 + 302211?
302223
In base 4, what is -13 - -11222?
11203
In base 13, what is 12 - -1b?
30
In base 14, what is -27 + -6?
-2d
In base 6, what is 5 + -142?
-133
In base 11, what is 1100 + -6?
10a5
In base 5, what is 44 + -1412?
-1313
In base 3, what is 2 + -1221?
-1212
In base 2, what is -1 - -101010?
101001
In base 2, what is -10 + 1010111?
1010101
In base 15, what is 86 - 3?
83
In base 10, what is -42273 + -1?
-42274
In base 14, what is -29 + 5?
-24
In base 13, what is -81 + -11?
-92
In base 15, what is 0 + -2?
-2
In base 3, what is -2210 + 1?
-2202
In base 11, what is 1259 + 5?
1263
In base 8, what is 17 + 1204?
1223
In base 9, what is 58 - -2?
61
In base 14, what is 2 + -10?
-c
In base 11, what is -4 - -3146?
3142
In base 2, what is -1000001 - -100?
-111101
In base 13, what is -9 - -48?
3c
In base 11, what is 90 + -74?
17
In base 14, what is -6 + 6a?
64
In base 4, what is -12 + 1200?
1122
In base 12, what is -218 + -4?
-220
In base 14, what is -4 - 4a1?
-4a5
In base 5, what is -32 - -402?
320
In base 9, what is -518 - -5?
-513
In base 16, what is -4 - 3b?
-3f
In base 2, what is 11 + -1101000111011?
-1101000111000
In base 3, what is -21210 - 20?
-22000
In base 13, what is 68 - -3?
6b
In base 9, what is 5 + -175?
-170
In base 8, what is 2 + 750?
752
In base 5, what is -244 - 104?
-403
In base 2, what is 0 - -1111011?
1111011
In base 3, what is -2 - 1011021?
-1011100
In base 13, what is 15 + 2?
17
In base 2, what is -1010 + 101101?
100011
In base 8, what is 6 + 3?
11
In base 7, what is 6 + 62?
101
In base 13, what is -150 - -1?
-14c
In base 16, what is 5 - 1c?
-17
In base 7, what is -3 - 5?
-11
In base 7, what is -432 - 2?
-434
In base 16, what is -3 - -34?
31
In base 2, what is -10101110111 + 1?
-10101110110
In base 11, what is 14a05 - 5?
14a00
In base 11, what is 306 + -1?
305
In base 13, what is -116 - 0?
-116
In base 16, what is b + -b?
0
In base 4, what is 2 - 231313?
-231311
In base 7, what is 3 - 1116?
-1113
In base 13, what is -9 - 14?
-20
In base 14, what is -30 - -17?
-17
In base 2, what is 111110001010 + -101?
111110000101
In base 4, what is -32110 + -2?
-32112
In base 13, what is 10c2 + 1?
10c3
In base 6, what is 0 - 440?
-440
In base 8, what is -1 - -16103?
16102
In base 12, what is 225 - 2?
223
In base 5, what is 1411 + 21?
1432
In base 11, what is 3855 + -1?
3854
In base 14, what is 2 + -cc?
-ca
In base 12, what is 5 + 26?
2b
In base 7, what is -1 + 161?
160
In base 12, what is -16 - 7a?
-94
In base 13, what is 75 + 0?
75
In base 16, what is -45 + 4?
-41
In base 8, what is 1311 - 3?
1306
In base 3, what is 2 - -10210?
10212
In base 9, what is 240 - 3?
236
In base 5, what is 100 + 23?
123
In base 3, what is 12 - -2121?
2210
In base 3, what is -1010 - -2101?
1021
In base 16, what is 7e - 2b?
53
In base 8, what is 10 - -532?
542
In base 13, what is 0 - -136?
136
In base 4, what is -3 - 13311?
-13320
In base 2, what is -11000110000 - 101?
-11000110101
In base 9, what is -3847 + 3?
-3844
In base 15, what is -41 + 4?
-3c
In base 6, what is 511 - -2?
513
In base 9, what is 2 + -384?
-382
In base 16, what is -21df - -5?
-21da
In base 10, what is -2 + -153?
-155
In base 6, what is -212 + 3?
-205
In base 10, what is 1 - -2543?
2544
In base 11, what is -254 + 3?
-251
In base 12, what is 4 - 1a7?
-1a3
In base 4, what is 2333 + -120?
2213
In base 13, what is b8 + 5?
c0
In base 7, what is -2625 + 14?
-2611
In base 5, what is 1121 + -12?
1104
In base 7, what is -114 + 234?
120
In base 8, what is 0 + 11057?
11057
In base 4, what is 13 + 101?
120
In base 6, what is -5 + -5?
-14
In base 9, what is 0 + 3427?
3427
In base 11, what is 20 + -5?
16
In base 3, what is -1011020 + 12?
-1011001
In base 11, what is 32 - -12?
44
In base 6, what is -244342 - -4?
-244334
In base 10, what is -10383 - 4?
-10387
In base 8, what is -126 + -5?
-133
In base 7, what is 1546 - -4?
1553
In base 9, what is -32 - -18?
-13
In base 10, what is 4669 - -3?
4672
In base 9, what is 274 - -38?
323
In base 2, what is -100011010 + 101?
-100010101
In base 9, what is -8 - -317?
308
In base 14, what is 25 + 36?
5b
In base 9, what is -6 + -102?
-108
In base 13, what is -3 - -85?
82
In base 11, what is 2 + -626?
-624
In base 4, what is -21000303 - 11?
-21000320
In base 12, what is a70 + 5?
a75
In base 5, what is 21 - 404?
-333
In base 6, what is -224 - 0?
-224
In base 11, what is 67 - 129?
-72
In base 6, what is -2535 + -10?
-2545
In base 13, what is -20 + 5?
-18
In base 9, what is -203 + 3?
-200
In base 12, what is -74 + 5?
-6b
In base 12, what is -63 - -2?
-61
In base 11, what is 65 + -19?
47
In base 4, what is -31230 - -1?
-31223
In base 14, what is -2 - a5?
-a7
In base 16, what is -12 - -20?
e
In base 13, what is 1cab - -4?
1cb2
In base 6, what is -15 - -12132?
12113
In base 4, what is -3 - -11202?
11133
In base 8, what is 0 - -46?
46
In base 8, what is 162 + 0?
162
In base 7, what is -2122 - 1?
-2123
In base 9, what is 148 + -2?
146
In base 6, what is -2055 - 2?
-2101
In base 15, what is 4 - -b2?
b6
In base 7, what is 1 + -11?
-10
In base 3, what is -12 + -202011?
-202100
In base 7, what is -245603 + 3?
-245600
In base 14, what is -73 - 0?
-73
In base 16, what is 11 - -2ad?
2be
In base 16, what is 1 - -810?
811
In base 10, what is 61 - -21?
82
In base 16, what is b6 - 5?
b1
In base 10, what is -2452 - 5?
-2457
In base 5, what is 2 - 40?
-33
In base 8, what is 1 - -3047?
3050
In base 11, what is -1 + -41?
-42
In base 12, what is 4 + -20?
-18
In base 10, what is -3 + -87?
-90
In base 9, what is 688 - 2?
686
In base 12, what is 44b + 6?
455
In base 7, what is -44 + 4?
-40
In base 10, what is 3 + -2506?
-2503
In base 2, what is 11000 - 0?
11000
In base 12, what is 256 + -2?
254
In base 9, what is -376 + 0?
-376
In base 5, what is -10 + -122?
-132
In base 8, what is 23 - 15?
6
In base 15, what is c29 + 1?
c2a
In base 7, what is 1 - -4?
5
In base 10, what is 8 + -17?
-9
In base 2, what is -10000 + 11001010100?
11001000100
In base 12, what is -704 - 3?
-707
In base 15, what is -b05 + -1?
-b06
In base 2, what is 1101 + -10110?
-1001
In base 3, what is 12 + -2000012?
-2000000
In base 9, what is 1724 - 11?
1713
In base 16, what is -99 + -7?
-a0
In base 8, what is 5215 + 2?
5217
In base 3, what is -10201 - -1?
-10200
In base 4, what is -3 + 300210?
300201
In base 12, what is 18b05 - 5?
18b00
In base 6, what is 2 + 51?
53
In base 12, what is 1 + -116?
-115
In base 2, what is 100 + -1101000?
-1100100
In base 13, what is 37 - a?
2a
In base 2, what is